e remainder when 187 is divided by 63?
61
What is the remainder when 118 is divided by 24?
22
Calculate the remainder when 549 is divided by 515.
34
Calculate the remainder when 71 is divided by 1.
0
What is the remainder when 86 is divided by 62?
24
Calculate the remainder when 1550 is divided by 111.
107
What is the remainder when 37999 is divided by 159?
157
What is the remainder when 242 is divided by 3?
2
Calculate the remainder when 391 is divided by 131.
129
Calculate the remainder when 997 is divided by 76.
9
What is the remainder when 7169 is divided by 175?
169
What is the remainder when 100 is divided by 5?
0
Calculate the remainder when 44 is divided by 12.
8
What is the remainder when 23 is divided by 5?
3
Calculate the remainder when 67 is divided by 23.
21
What is the remainder when 447 is divided by 28?
27
What is the remainder when 285 is divided by 16?
13
Calculate the remainder when 693 is divided by 26.
17
Calculate the remainder when 4834 is divided by 31.
29
What is the remainder when 197 is divided by 10?
7
What is the remainder when 4677 is divided by 20?
17
What is the remainder when 1546 is divided by 97?
91
Calculate the remainder when 790 is divided by 44.
42
What is the remainder when 236 is divided by 125?
111
Calculate the remainder when 117 is divided by 98.
19
What is the remainder when 229 is divided by 76?
1
What is the remainder when 1509 is divided by 36?
33
Calculate the remainder when 647 is divided by 11.
9
Calculate the remainder when 29 is divided by 2.
1
What is the remainder when 21 is divided by 8?
5
What is the remainder when 100 is divided by 15?
10
What is the remainder when 559 is divided by 56?
55
What is the remainder when 1016 is divided by 60?
56
What is the remainder when 1495 is divided by 68?
67
What is the remainder when 276 is divided by 130?
16
What is the remainder when 490 is divided by 104?
74
What is the remainder when 6808 is divided by 139?
136
What is the remainder when 64 is divided by 20?
4
What is the remainder when 672 is divided by 25?
22
What is the remainder when 647 is divided by 11?
9
Calculate the remainder when 506 is divided by 243.
20
Calculate the remainder when 174 is divided by 88.
86
What is the remainder when 211 is divided by 66?
13
What is the remainder when 328 is divided by 47?
46
What is the remainder when 202 is divided by 36?
22
What is the remainder when 126 is divided by 3?
0
Calculate the remainder when 10485 is divided by 38.
35
Calculate the remainder when 2121 is divided by 212.
1
Calculate the remainder when 151 is divided by 40.
31
Calculate the remainder when 2425 is divided by 143.
137
Calculate the remainder when 1184 is divided by 54.
50
Calculate the remainder when 123 is divided by 7.
4
Calculate the remainder when 65 is divided by 25.
15
Calculate the remainder when 44 is divided by 21.
2
Calculate the remainder when 1762 is divided by 36.
34
Calculate the remainder when 842 is divided by 34.
26
What is the remainder when 2150 is divided by 9?
8
Calculate the remainder when 141 is divided by 13.
11
What is the remainder when 1187 is divided by 2?
1
Calculate the remainder when 6572 is divided by 3282.
8
Calculate the remainder when 109 is divided by 29.
22
Calculate the remainder when 1870 is divided by 28.
22
Calculate the remainder when 56 is divided by 28.
0
What is the remainder when 109 is divided by 3?
1
What is the remainder when 5458 is divided by 65?
63
Calculate the remainder when 245 is divided by 122.
1
What is the remainder when 214 is divided by 24?
22
Calculate the remainder when 456 is divided by 27.
24
What is the remainder when 256 is divided by 58?
24
Calculate the remainder when 89 is divided by 11.
1
What is the remainder when 819 is divided by 164?
163
Calculate the remainder when 213 is divided by 107.
106
What is the remainder when 75 is divided by 40?
35
Calculate the remainder when 49 is divided by 8.
1
What is the remainder when 224 is divided by 38?
34
What is the remainder when 131 is divided by 24?
11
What is the remainder when 108 is divided by 42?
24
What is the remainder when 71 is divided by 18?
17
What is the remainder when 206 is divided by 42?
38
Calculate the remainder when 252 is divided by 15.
12
What is the remainder when 1354 is divided by 15?
4
Calculate the remainder when 173 is divided by 96.
77
What is the remainder when 39 is divided by 18?
3
What is the remainder when 79 is divided by 57?
22
Calculate the remainder when 225 is divided by 42.
15
What is the remainder when 196 is divided by 77?
42
Calculate the remainder when 2722 is divided by 388.
6
What is the remainder when 19 is divided by 7?
5
What is the remainder when 615 is divided by 312?
303
Calculate the remainder when 162 is divided by 33.
30
Calculate the remainder when 446 is divided by 6.
2
What is the remainder when 149 is divided by 5?
4
Calculate the remainder when 94 is divided by 16.
14
Calculate the remainder when 813 is divided by 48.
45
What is the remainder when 39 is divided by 32?
7
What is the remainder when 1275 is divided by 405?
60
What is the remainder when 288 is divided by 86?
30
Calculate the remainder when 241 is divided by 18.
7
What is the remainder when 375 is divided by 7?
4
Calculate the remainder when 199 is divided by 52.
43
Calculate the remainder when 1182 is divided by 16.
14
What is the remainder when 134 is divided by 6?
2
Calculate the remainder when 526 is divided by 90.
76
Calculate the remainder when 256 is divided by 17.
1
What is the remainder when 302 is divided by 11?
5
Calculate the remainder when 817 is divided by 79.
27
What is the remainder when 1568 is divided by 5?
3
What is the remainder when 203 is divided by 17?
16
What is the remainder when 178 is divided by 28?
10
Calculate the remainder when 276 is divided by 28.
24
What is the remainder when 2571 is divided by 39?
36
Calculate the remainder when 1906 is divided by 70.
16
Calculate the remainder when 237 is divided by 19.
9
Calculate the remainder when 11606 is divided by 159.
158
Calculate the remainder when 11405 is divided by 31.
28
Calculate the remainder when 126 is divided by 56.
14
Calculate the remainder when 302 is divided by 75.
2
Calculate the remainder when 212 is divided by 9.
5
What is the remainder when 2508 is divided by 499?
13
Calculate the remainder when 103 is divided by 93.
10
What is the remainder when 1187 is divided by 119?
116
What is the remainder when 96 is divided by 69?
27
Calculate the remainder when 64 is divided by 15.
4
What is the remainder when 524 is divided by 59?
52
What is the remainder when 336 is divided by 52?
24
Calculate the remainder when 237 is divided by 64.
45
Calculate the remainder when 54 is divided by 19.
16
Calculate the remainder when 40 is divided by 38.
2
What is the remainder when 29 is divided by 9?
2
Calculate the remainder when 139 is divided by 14.
13
What is the remainder when 840 is divided by 217?
189
What is the remainder when 2518 is divided by 10?
8
What is the remainder when 4173 is divided by 416?
13
Calculate the remainder when 90 is divided by 12.
6
What is the remainder when 163 is divided by 60?
43
What is the remainder when 104 is divided by 89?
15
What is the remainder when 1203 is divided by 149?
11
What is the remainder when 228 is divided by 23?
21
What is the remainder when 227 is divided by 80?
67
What is the remainder when 713 is divided by 141?
8
What is the remainder when 586 is divided by 21?
19
Calculate the remainder when 686 is divided by 89.
63
What is the remainder when 761 is divided by 59?
53
What is the remainder when 1394 is divided by 200?
194
What is the remainder when 70 is divided by 49?
21
What is the remainder when 30836 is divided by 40?
36
What is the remainder when 314 is divided by 85?
59
Calculate the remainder when 1712 is divided by 39.
35
What is the remainder when 222 is divided by 33?
24
What is the remainder when 473 is divided by 242?
231
Calculate the remainder when 203 is divided by 34.
33
Calculate the remainder when 106 is divided by 34.
4
Calculate the remainder when 49 is divided by 13.
10
What is the remainder when 635 is divided by 163?
146
Calculate the remainder when 693 is divided by 6.
3
Calculate the 